{"version":"1.0","provider_name":"Coljon","provider_url":"https:\/\/coljon.com\/fr","author_name":"Admin","author_url":"https:\/\/coljon.com\/fr\/author\/admin\/","title":"Portes de garage sectionnelles - Coljon","type":"rich","width":600,"height":338,"html":"<blockquote class=\"wp-embedded-content\"><a href=\"https:\/\/coljon.com\/fr\/produits\/portes-de-garage-sectionnelles\/\">Portes de garage sectionnelles<\/a><\/blockquote>\n<script type='text\/javascript'>\n<!--\/\/--><![CDATA[\/\/><!--\n\t\t\/*! This file is auto-generated *\/\n\t\t!function(c,d){\"use strict\";var e=!1,n=!1;if(d.querySelector)if(c.addEventListener)e=!0;if(c.wp=c.wp||{},!c.wp.receiveEmbedMessage)if(c.wp.receiveEmbedMessage=function(e){var t=e.data;if(t)if(t.secret||t.message||t.value)if(!\/[^a-zA-Z0-9]\/.test(t.secret)){for(var r,a,i,s=d.querySelectorAll('iframe[data-secret=\"'+t.secret+'\"]'),n=d.querySelectorAll('blockquote[data-secret=\"'+t.secret+'\"]'),o=0;o<n.length;o++)n[o].style.display=\"none\";for(o=0;o<s.length;o++)if(r=s[o],e.source===r.contentWindow){if(r.removeAttribute(\"style\"),\"height\"===t.message){if(1e3<(i=parseInt(t.value,10)))i=1e3;else if(~~i<200)i=200;r.height=i}if(\"link\"===t.message)if(a=d.createElement(\"a\"),i=d.createElement(\"a\"),a.href=r.getAttribute(\"src\"),i.href=t.value,i.host===a.host)if(d.activeElement===r)c.top.location.href=t.value}}},e)c.addEventListener(\"message\",c.wp.receiveEmbedMessage,!1),d.addEventListener(\"DOMContentLoaded\",t,!1),c.addEventListener(\"load\",t,!1);function t(){if(!n){n=!0;for(var e,t,r=-1!==navigator.appVersion.indexOf(\"MSIE 10\"),a=!!navigator.userAgent.match(\/Trident.*rv:11\\.\/),i=d.querySelectorAll(\"iframe.wp-embedded-content\"),s=0;s<i.length;s++){if(!(e=i[s]).getAttribute(\"data-secret\"))t=Math.random().toString(36).substr(2,10),e.src+=\"#?secret=\"+t,e.setAttribute(\"data-secret\",t);if(r||a)(t=e.cloneNode(!0)).removeAttribute(\"security\"),e.parentNode.replaceChild(t,e)}}}}(window,document);\n\/\/--><!]]>\n<\/script><iframe sandbox=\"allow-scripts\" security=\"restricted\" src=\"https:\/\/coljon.com\/fr\/produits\/portes-de-garage-sectionnelles\/embed\/\" width=\"600\" height=\"338\" title=\"\u00ab\u00a0Portes de garage sectionnelles\u00a0\u00bb &#8212; Coljon\" frameborder=\"0\" marginwidth=\"0\" marginheight=\"0\" scrolling=\"no\" class=\"wp-embedded-content\"><\/iframe>","description":"Souvent choisie pour appuyer le design de la fa\u00e7ade, la porte sectionnelle, compos\u00e9e de panneaux articul\u00e9s se manipulant verticalement, b\u00e9n\u00e9ficie d'une tr\u00e8s bonne isolation thermique.\u00a0Elle peut \u00eatre motoris\u00e9e pour plus de confort."}

Souvent choisie pour appuyer le design de la façade, la porte sectionnelle, composée de panneaux articulés se manipulant verticalement, bénéficie d'une très bonne isolation thermique. Elle peut être motorisée pour plus de confort.
