{"version":"1.0","provider_name":"Coljon","provider_url":"https:\/\/coljon.com\/en","author_name":"Admin","author_url":"https:\/\/coljon.com\/en\/author\/admin\/","title":"Portes de garage - (Fran\u00e7ais) Accessoires et personnalisation - Coljon","type":"rich","width":600,"height":338,"html":"<blockquote class=\"wp-embedded-content\"><a href=\"https:\/\/coljon.com\/en\/produits\/accessoires-portes-de-garage\/\">(Fran\u00e7ais) Accessoires et personnalisation<\/a><\/blockquote>\n<script type='text\/javascript'>\n<!--\/\/--><![CDATA[\/\/><!--\n\t\t\/*! This file is auto-generated *\/\n\t\t!function(c,d){\"use strict\";var e=!1,n=!1;if(d.querySelector)if(c.addEventListener)e=!0;if(c.wp=c.wp||{},!c.wp.receiveEmbedMessage)if(c.wp.receiveEmbedMessage=function(e){var t=e.data;if(t)if(t.secret||t.message||t.value)if(!\/[^a-zA-Z0-9]\/.test(t.secret)){for(var r,a,i,s=d.querySelectorAll('iframe[data-secret=\"'+t.secret+'\"]'),n=d.querySelectorAll('blockquote[data-secret=\"'+t.secret+'\"]'),o=0;o<n.length;o++)n[o].style.display=\"none\";for(o=0;o<s.length;o++)if(r=s[o],e.source===r.contentWindow){if(r.removeAttribute(\"style\"),\"height\"===t.message){if(1e3<(i=parseInt(t.value,10)))i=1e3;else if(~~i<200)i=200;r.height=i}if(\"link\"===t.message)if(a=d.createElement(\"a\"),i=d.createElement(\"a\"),a.href=r.getAttribute(\"src\"),i.href=t.value,i.host===a.host)if(d.activeElement===r)c.top.location.href=t.value}}},e)c.addEventListener(\"message\",c.wp.receiveEmbedMessage,!1),d.addEventListener(\"DOMContentLoaded\",t,!1),c.addEventListener(\"load\",t,!1);function t(){if(!n){n=!0;for(var e,t,r=-1!==navigator.appVersion.indexOf(\"MSIE 10\"),a=!!navigator.userAgent.match(\/Trident.*rv:11\\.\/),i=d.querySelectorAll(\"iframe.wp-embedded-content\"),s=0;s<i.length;s++){if(!(e=i[s]).getAttribute(\"data-secret\"))t=Math.random().toString(36).substr(2,10),e.src+=\"#?secret=\"+t,e.setAttribute(\"data-secret\",t);if(r||a)(t=e.cloneNode(!0)).removeAttribute(\"security\"),e.parentNode.replaceChild(t,e)}}}}(window,document);\n\/\/--><!]]>\n<\/script><iframe sandbox=\"allow-scripts\" security=\"restricted\" src=\"https:\/\/coljon.com\/en\/produits\/accessoires-portes-de-garage\/embed\/\" width=\"600\" height=\"338\" title=\"&#8220;(Fran\u00e7ais) Accessoires et personnalisation&#8221; &#8212; Coljon\" frameborder=\"0\" marginwidth=\"0\" marginheight=\"0\" scrolling=\"no\" class=\"wp-embedded-content\"><\/iframe>","description":"Finalement, c'est souvent l'esth\u00e9tisme de la porte de garage qui retiendra l\u2019attention. Les portes de garages se d\u00e9clinent en diff\u00e9rents styles et peuvent aussi d\u00e9sormais s'harmoniser avec la porte d'entr\u00e9e ou les volets. Sans oublier la motorisation, qui permet notamment de ne pas avoir \u00e0 descendre de la voiture, ce qui est tr\u00e8s appr\u00e9ci\u00e9 lorsqu\u2019il pleut, par exemple : vous restez bien au sec dans votre v\u00e9hicule tandis que vous guidez l\u2019ouverture de votre garage \u00e0 l\u2019aide d\u2019une t\u00e9l\u00e9commande."}

Portes de garage - (Français) Accessoires et personnalisation - Coljon

<blockquote class="wp-embedded-content"><a href="https://coljon.com/en/produits/accessoires-portes-de-garage/">(Français) Accessoires et personnalisation</a></blockquote>
<script type='text/javascript'>
<!--//--><![CDATA[//><!--
		/*! This file is auto-generated */
		!function(c,d){"use strict";var e=!1,n=!1;if(d.querySelector)if(c.addEventListener)e=!0;if(c.wp=c.wp||{},!c.wp.receiveEmbedMessage)if(c.wp.receiveEmbedMessage=function(e){var t=e.data;if(t)if(t.secret||t.message||t.value)if(!/[^a-zA-Z0-9]/.test(t.secret)){for(var r,a,i,s=d.querySelectorAll('iframe[data-secret="'+t.secret+'"]'),n=d.querySelectorAll('blockquote[data-secret="'+t.secret+'"]'),o=0;o<n.length;o++)n[o].style.display="none";for(o=0;o<s.length;o++)if(r=s[o],e.source===r.contentWindow){if(r.removeAttribute("style"),"height"===t.message){if(1e3<(i=parseInt(t.value,10)))i=1e3;else if(~~i<200)i=200;r.height=i}if("link"===t.message)if(a=d.createElement("a"),i=d.createElement("a"),a.href=r.getAttribute("src"),i.href=t.value,i.host===a.host)if(d.activeElement===r)c.top.location.href=t.value}}},e)c.addEventListener("message",c.wp.receiveEmbedMessage,!1),d.addEventListener("DOMContentLoaded",t,!1),c.addEventListener("load",t,!1);function t(){if(!n){n=!0;for(var e,t,r=-1!==navigator.appVersion.indexOf("MSIE 10"),a=!!navigator.userAgent.match(/Trident.*rv:11\./),i=d.querySelectorAll("iframe.wp-embedded-content"),s=0;s<i.length;s++){if(!(e=i[s]).getAttribute("data-secret"))t=Math.random().toString(36).substr(2,10),e.src+="#?secret="+t,e.setAttribute("data-secret",t);if(r||a)(t=e.cloneNode(!0)).removeAttribute("security"),e.parentNode.replaceChild(t,e)}}}}(window,document);
//--><!]]>
</script><iframe sandbox="allow-scripts" security="restricted" src="https://coljon.com/en/produits/accessoires-portes-de-garage/embed/" width="600" height="338" title="&#8220;(Français) Accessoires et personnalisation&#8221; &#8212; Coljon" frameborder="0" marginwidth="0" marginheight="0" scrolling="no" class="wp-embedded-content"></iframe>

Finalement, c'est souvent l'esthétisme de la porte de garage qui retiendra l’attention. Les portes de garages se déclinent en différents styles et peuvent aussi désormais s'harmoniser avec la porte d'entrée ou les volets. Sans oublier la motorisation, qui permet notamment de ne pas avoir à descendre de la voiture, ce qui est très apprécié lorsqu’il pleut, par exemple : vous restez bien au sec dans votre véhicule tandis que vous guidez l’ouverture de votre garage à l’aide d’une télécommande.
